 + 492. Determine c(-16).
-4
Let f(n) = -6*n. Determine f(-7).
42
Let w(l) = -l**2 - 2*l - 2. Determine w(-1).
-1
Let o(f) = -f**3 - f**2 - 2*f + 16. Determine o(0).
16
Let d(x) = -x**3 - 3*x**2 + 4*x + 11. What is d(-4)?
11
Let q(p) = p + 21. Give q(-26).
-5
Let i(b) = b**3 - 15*b**2 - 2*b + 11. Calculate i(15).
-19
Let p(k) = -k**2 - 29*k - 44. Give p(-27).
10
Let r(t) = t**2 + 7*t + 17. Calculate r(-7).
17
Let x(v) = -v**3 + 11*v**2 - 3*v + 37. Determine x(11).
4
Let h(k) = k**3 + 49*k**2 + 46*k - 104. What is h(-48)?
-8
Let i(d) = d**2 + 7*d - 47. Determine i(-11).
-3
Let d(r) = 21*r - 621. What is d(30)?
9
Let r(t) = -2*t**2 + 13*t + 18. Give r(8).
-6
Let t(q) = -q**3 - 11*q**2 + 6. What is t(-11)?
6
Let q(u) = -u**2 - 4*u + 32. Determine q(-8).
0
Let q(f) = f**3 + 2*f**2 - f + 10. What is q(3)?
52
Let i(n) = -n**2 + 9*n + 6. Give i(10).
-4
Let d(a) = 21*a - 396. Calculate d(19).
3
Let x(s) = s - 33. Calculate x(-12).
-45
Let a(r) = -3*r - 2. Determine a(3).
-11
Let b(t) = -t**3 + 4*t**2 + 5*t + 4. What is b(0)?
4
Let p(k) = -2*k**3 - 10*k**2 - 9*k - 70. Calculate p(-5).
-25
Let c(n) = 2*n + 68. Calculate c(-35).
-2
Let c(y) = -5*y + 2. What is c(3)?
-13
Let m(r) = -7*r**2. What is m(-1)?
-7
Let u(t) = 2*t**3 + 6*t**2 + 4*t + 6. Give u(-4).
-42
Let i(s) = 5*s + 5. Calculate i(0).
5
Let a(j) = j**3 - 7*j**2 + 2*j - 77. Give a(8).
3
Let f(x) = 5*x + 2. Give f(-4).
-18
Let z(x) = 6*x + 79. Determine z(-11).
13
Let w(t) = 2*t**2 - t + 3. Give w(-3).
24
Let z(b) = -5*b - 2. What is z(1)?
-7
Let x(g) = -g - 1. Give x(-4).
3
Let k(i) = -2*i**2 + 4*i + 13. Calculate k(-3).
-17
Let n(a) = -a**3 + 24*a**2 - 46*a + 57. Calculate n(22).
13
Let s(k) = -4*k + 25. What is s(8)?
-7
Let t(m) = 3*m**2 - 5*m + 4. Give t(-5).
104
Let n(w) = -5*w**2 + w. Calculate n(1).
-4
Let g(y) = 2*y**3 + 59*y**2 - 30*y + 2. Calculate g(-30).
2
Let i(m) = 18*m + 39. What is i(6)?
147
Let v(c) = c**3 - 2*c**2 - 5*c - 7. What is v(4)?
5
Let o(s) = -s**3 + 5*s**2 + 38. Give o(6).
2
Let b(q) = q**3 + 3*q - 11. What is b(0)?
-11
Let z(u) = -2*u**2 - 14*u - 25. Give z(-4).
-1
Let j(r) = -r**3 - 4*r**2 + 14*r - 53. Determine j(-7).
-4
Let n(w) = w**3 + 5*w**2 - 2*w. Give n(-4).
24
Let g(h) = 3*h - 6. What is g(-13)?
-45
Let y(j) = j**2 - 16*j + 19. Calculate y(15).
4
Let k(b) = 5*b - 3. Calculate k(-9).
-48
Let c(y) = 2*y**3 + 13*y**2 + 13*y - 7. What is c(-6)?
-49
Let x(n) = -7*n + 152. Calculate x(22).
-2
Let k(g) = -11*g - 10. Give k(-4).
34
Let p(q) = 10*q - 19. Determine p(9).
71
Let s(i) = i**3 + i**2 - i. What is s(3)?
33
Let j(s) = s**3 + 6*s**2 + 14*s + 21. What is j(-4)?
-3
Let f(p) = -p**2 + 22*p - 126. Determine f(9).
-9
Let z(i) = i**3 + 21*i**2 + 38*i - 7. Calculate z(-19).
-7
Let k(w) = 4*w - 10. Calculate k(4).
6
Let m(i) = 22*i + 10. Calculate m(-2).
-34
Let a(x) = 5*x**2 - x. Calculate a(-1).
6
Let l(q) = q**2 - q + 15. What is l(-5)?
45
Let q(o) = -5*o**3 + 3*o + 2. Calculate q(2).
-32
Let t(p) = -p**3 - 14*p**2 - 37*p - 39. What is t(-11)?
5
Let a(y) = -4*y - 7. What is a(-3)?
5
Let v(f) = f**2 + 9*f + 7. Calculate v(-7).
-7
Let g(t) = -2*t + 22. What is g(0)?
22
Let k(n) = -2*n**3 - 24*n**2 + 23*n - 25. Give k(-13).
14
Let w(v) = 3*v - 9. Calculate w(-15).
-54
Let w(m) = m**2 + 16*m + 8. Calculate w(-15).
-7
Let c(n) = -n**3 + 15*n**2 - 13*n - 20. Calculate c(14).
-6
Let f(l) = -l + 2. Determine f(12).
-10
Let t(j) = j**2 + 13*j + 30. Calculate t(-5).
-10
Let o(i) = i**3 + 20*i**2 + 21*i + 41. Give o(-19).
3
Let u(k) = k**3 + 3*k**2 - 4*k. Give u(-3).
12
Let u(n) = 5*n**3 + 2*n**2 - 8*n + 3. What is u(-3)?
-90
Let q(t) = -t**2 - 24*t + 51. Determine q(-27).
-30
Let u(n) = n**3 + 2*n**2 + 2*n + 1. Give u(-2).
-3
Let z(m) = -m**3 + 14*m**2 + 10*m - 46. Determine z(14).
94
Let o(y) = -y + 1. Calculate o(0).
1
Let b(t) = 47*t + 1. Determine b(1).
48
Let z(k) = -3*k + 56. Give z(17).
5
Let p(k) = -k**2 + 1. Give p(4).
-15
Let d(a) = -483*a - 2412. Determine d(-5).
3
Let f(g) = g**3 + g**2 - 12. Calculate f(0).
-12
Let o(j) = j**2 - 5*j + 4. What is o(4)?
0
Let j(s) = s**2 + 8*s + 9. Give j(-4).
-7
Let b(u) = u + 24. Give b(-18).
6
Let r(u) = 3*u**2 + 4. Calculate r(4).
52
Let q(a) = 14*a + 9. Give q(-1).
-5
Let t(z) = z**3 + 5*z**2 + 9. Determine t(-6).
-27
Let y(u) = -u**2 + 17*u + 69. Determine y(20).
9
Let b(l) = l**2 + 34*l - 150. What is b(4)?
2
Let g(k) = k**3 + 15*k**2 - 33*k + 24. Give g(-17).
7
Let b(n) = 3*n**3 + 3*n**2 + n. Determine b(-1).
-1
Let z(j) = 4*j**2 + 146*j + 67. Give z(-36).
-5
Let d(c) = -34*c**3 - c**2 - 6*c - 6. Give d(-1).
33
Let v(q) = -q**3 + 7*q**2 + 12*q - 22. Give v(8).
10
Let r(z) = -165*z + 9. What is r(-1)?
174
Let r(p) = -5*p + 54. What is r(12)?
-6
Let l(y) = 17*y - 60. Determine l(6).
42
Let h(k) = -k**2 + 9*k. Calculate h(9).
0
Let z(y) = 8*y + 10. Determine z(1).
18
Let p(w) = w**2 + 13*w - 19. Calculate p(-14).
-5
Let n(v) = -4*v - 62. Determine n(-28).
50
Let k(z) = -z + 7. Calculate k(3).
4
Let c(m) = 13*m**2 - 19*m. What is c(3)?
60
Let o(y) = -y**3 - 25*y**2 - 24*y - 15. Determine o(-24).
-15
Let i(w) = 32*w - 228. Determine i(7).
-4
Let x(r) = -4*r**2 + 95*r + 4. Calculate x(24).
-20
Let s(u) = -141*u - 990. Give s(-7).
-3
Let a(h) = h**3 + 7*h**2 + 5*h + 49. Give a(-7).
14
Let r(c) = -7*c**3 - c. Determine r(1).
-8
Let j(z) = -z**3 + z**2 + 4*z - 2. Give j(3).
-8
Let c(m) = -m**3 + 5*m**2 + 14*m + 3. What is c(7)?
3
Let d(g) = -g**3 - g - 20. Give d(0).
-20
Let s(f) = -f**2 - 30*f - 131. Calculate s(-25).
-6
Let c(m) = -7*m + 131. Give c(18).
5
Let c(k) = -2*k**2 + 7*k - 4. Calculate c(5).
-19
Let v(m) = 2*m**2 + 14*m + 18. What is v(-8)?
34
Let t(w) = w**2 + 8*w + 2. Determine t(-3).
-13
Let c(v) = v**2 + 43*v + 11. Calculate c(-43).
11
Let p(v) = -v**3 - 9*v**2 + 8*v + 13. Calculate p(-9).
-59
Let c(m) = -m**3 + 4*m**2 + 2*m - 2. Determine c(4).
6
Let b(l) = -l**2 - 5*l + 2. Give b(-5).
2
Let d(k) = -k**2 - 8*k - 13. Determine d(-4).
3
Let g(n) = n**2 + n - 8. Determine g(-7).
34
Let g(n) = 5*n**2 + n + 4. Calculate g(-2).
22
Let c(k) = 9*k - 11. What is c(3)?
16
Let v(d) = d - 9. Give v(9).
0
Let i(o) = -o**3 + 10*o**2 + 2*o + 94. Determine i(11).
-5
Let x(h) = h - 30. What is x(9)?
-21
Let y(q) = q**3 + 8*q**2 - 25*q - 20. Determine y(-10).
30
Let q(t) = t**3 - 49*t**2 + 91*t + 137. Determine q(47).
-4
Let v(j) = 5*j**2 - 3*j + 2. Give v(1).
4
Let d(j) = -4*j - 92. What is d(-18)?
-20
Let s(u) = u**3 - 2*u**2 + 4*u - 3. Give s(2).
5
Let y(t) = 29*t - 1. Calculate y(-1).
-30
Let a(r) = -81*r**2 + 1. Calculate a(1).
-80
Let m(w) = 9*w - 2. What is m(-7)?
-65
Let j(k) = -3*k**2 - 3*k - 17. Give j(-5).
-77
Let t(n) = -161*n**3 + 2*n**2 - 2*n. What is t(1)?
-161
Let v(y) = -5*y - 8. Give v(4).
-28
Let k(m) = m**2 - 3*m - 5. Calculate k(8).
35
Let g(x) = -3*x**2 - 19*x - 8. Give g(-7).
-22
Let z(d) = d + 8. Determine z(-8).
0
Let w(k) = k**3 - 65*k**2 + 69*k - 316. Give w(64).
4
Let u(g) = -g**3 + 29*g**2 + 31*g - 17. Determine u(30).
13
Let y(x) = 45*x**2 + x + 1. What is y(1)?
47
Let v(r) = r + 13. Give v(12).
25
Let b(j) = j - 5. Calculate b(8).
3
Let z(s) = s**2 + 18*s - 37. What is z(-20)?
3
Let u(d) = d**2 + 28*d + 185. Give u(-16).
-7
Let s(n) = -2*n - 17. Determine s(-6).
-5
Let a(c) = c**3 - 11*c**2 + 15*c - 17. What is a(7)?
-108
Let y(i) = -i**3 + 18*i**2 - 18*i + 11. Calculate y(17).
-6
Let i(v) = v**2 - 16*v + 45. Calculate i(6).
-15
Let q(d) = -2*d - 14. Give q(-7).
0
Let s(l) = -l**2 - l + 5. Determine s(6).
-37
Let z(m) = 2*m + 3. Calculate z(2).
7
Let f(l) = -l**3 - 7*l**2 - 4*l + 8. Determine f(-6).
-4
Let j(b) = b**2 - 11*b + 9. What is j(8)?
-15
Let r(f) = f**2 - f - 7. What is r(0)?
-7
Let a(m) = 7*m - 8. Calculate a(7).
41
Let u(i) = -i**3 - 4*i**2 + 3*i - 6. Calculate u(-5).
4
Let y(r) = -r**3 + 8*r**2 - 7*r - 6. Calculate y(6).
24
Let m(k) = k**2 - 6*k + 10. Calculate m(3).
1
Let t(m) = m**2 - 13*m + 21. Calculate t(12).
9
Let a(y) = -13*y. Give a(1).
-13
Let b(s) = s + 3. What is b(12)?
15
Let f(o) = o**3 - 4*o**2 - 2*o. Determine f(4).
-8
Let f(h) = -48*h - 295. Determine f(-6).
-7
Let o(p) = p + 7. Calculate o(-4).
3
Let j(r) = -r**2 + 17*r - 30. Calculate j(17).
-30
Let t(j) = -3*j**3 - 31*j**2 - 7*j - 4. What is t(-10)?
-34
Let n(k) = -8*k**3 - 2*k**2 + 2*k. Give n(1).
-8
Let d(o) = -